{"id":2330,"date":"2017-06-22T19:50:01","date_gmt":"2017-06-22T17:50:01","guid":{"rendered":"http:\/\/kultursommerlaxenburg.at\/?page_id=2330"},"modified":"2024-03-13T15:01:37","modified_gmt":"2024-03-13T13:01:37","slug":"chronik","status":"publish","type":"page","link":"https:\/\/kultursommerlaxenburg.at\/?page_id=2330","title":{"rendered":"Chronik"},"content":{"rendered":"<p>2024: Erhard Pauer: &#8222;Der Rest ist Schweigen&#8220;<\/p>\n<p>2023: Christian Deix und Olivier Lendl: &#8222;All we need ist love&#8220;<\/p>\n<p>2022 Christian Deix und Olivier Lendl: &#8222;Der Guru&#8220;&nbsp;<\/p>\n<p>2021 Christian Deix und Olivier Lendl: &#8222;Raumschiff&#8220; &#8211; Urauff\u00fchrung<\/p>\n<p>2019 Christian Deix und Olivier Lendl: &#8222;Traumschiff&#8220; &#8211; Urauff\u00fchrung<\/p>\n<p>2018 Christian Deix und Olivier Lendl &#8222;Stille Nacht&#8220; &#8211; Urauff\u00fchrung<\/p>\n<p>2017 Christian Deix und Olivier Lendl &#8222;Heiss&#8220; &#8211; Urauff\u00fchrung<\/p>\n<p>2016 Erik Gedeon &#8222;Ewig jung&#8220; &#8211; Wiederaufnahme<\/p>\n<p>2015&nbsp; Erik Gedeon &#8222;Ewig jung&#8220; &#8211; \u00d6sterreichische Erstauff\u00fchrung<\/p>\n<p>2014&nbsp; Susanne F. Wolf \u201eDie sch\u00f6ne Helena\u201c &#8211; Urauff\u00fchrung<\/p>\n<p>2013&nbsp; Susanne F. Wolf \u201eEine Nacht in Venedig\u201c<\/p>\n<p>2012&nbsp; Susanne F. Wolf \u201eDer Graf von Laxenburg\u201c<\/p>\n<p>2011&nbsp; Susanne F. Wolf \u201eDer listige Herr Odysserl\u201c<\/p>\n<p>2010&nbsp; Susanne F. Wolf \u201eSt\u00fcrmischer Sturm\u201c<\/p>\n<p>2009&nbsp; Susanne F. Wolf \u201eOrpherl in der Unterwelt\u201c<\/p>\n<p>2008&nbsp; Susanne F. Wolf \u201eViel L\u00e4rm um nix&#8220;<\/p>\n<p>2007&nbsp; Susanne F. Wolf \u201eLohengrin von Laxenburg\u201c<\/p>\n<p>2006&nbsp; Susanne F. Wolf \u201eDer eingebildete Kranke\u201c &#8211; Urauff\u00fchrung<\/p>\n<p>2005&nbsp; Susanne F. Wolf \u201eDer Diener dreier Herren\u201c<\/p>\n<p>2004&nbsp; Susanne F. Wolf \u201eAmphitryon \u2013 eine G\u00f6tterposse\u201c &#8211; Urauff\u00fchrung<\/p>\n<p>2003&nbsp; Susanne F. Wolf \u201eFaust frei nach G\u00f6the\u201c &#8211; Urauff\u00fchrung<\/p>\n<p>2002&nbsp; Susanne F. Wolf \u201eDon Giovannis amour\u00f6se Abenteuer\u201c &#8211; Urauff\u00fchrung<\/p>\n<p>2001&nbsp; Susanne F. Wolf \u201eDer Traum vom Lieben Augustin\u201c &#8211; Urauff\u00fchrung<\/p>\n<p>2000&nbsp; Karl Meisl \u201eDer Barbier von Sievering\u201c<\/p>\n<p>1999&nbsp; Joachim Perinet \u201eDas Sonntagskind\u201c<\/p>\n<p>1998&nbsp; Karl Meisl \u201eOthellerl, der Mohr von Wien oder die geheilte Eifersucht\u201c<\/p>\n<p>1997&nbsp; Dario Fo \u201eOffene Zweierbeziehung\u201c<\/p>\n<p>1996&nbsp; Thomas Wachauer \u201eDas verflixte Testament\u201c<\/p>\n<p>1995&nbsp; Thomas Wachauer \u201eRigoletterl\u201c<\/p>\n<p>1994&nbsp; Karl Meisl\u2019s \u201eVerwirrte Heiratsbande\u201c<\/p>\n<p>1993&nbsp; Adolf B\u00e4uerle \u201eDie B\u00fcrger von Wien\u201c<\/p>\n<p>1992&nbsp; Joachim Perinet \u201eDer litzitierte Br\u00e4utigam\u201c<\/p>\n<p>1991&nbsp; Karl Meisl \u201eDie travestierte Zauberfl\u00f6te\u201c<\/p>\n<p>1990&nbsp; Joachim Perinet \u201eHamlet vom Tandelmarkt\u201c<\/p>\n<p>1989&nbsp; Karl Meisl \u201eDer Barbier von Sievering\u201c<\/p>\n<p>1988&nbsp; Ferdinand Kringsteiner \u201eOthello, der Mohr von Wien\u201c<\/p>\n<p>1987&nbsp; Philipp Hafner \u201eDer Furchtsame\u201c<\/p>\n<p>1986&nbsp; Philipp Hafner \u201eEvakathel und Schnudi\u201c<\/p>\n<p>1985&nbsp; Philipp Hafner \u201eDer von dreien Schwiegers\u00f6hnen geplagte Odoardo, oder Hanswurst und Crispin,die l\u00e4cherlichen Schwestern von Prag\u201c<\/p>\n<h3>Related Images:<\/h3>","protected":false},"excerpt":{"rendered":"<p>2024: Erhard Pauer: &#8222;Der Rest ist Schweigen&#8220; 2023: Christian Deix und Olivier Lendl: &#8222;All we need ist love&#8220; 2022 Christian Deix und Olivier Lendl: &#8222;Der Guru&#8220;&nbsp; 2021 Christian Deix und Olivier Lendl: &#8222;Raumschiff&#8220; &#8211; Urauff\u00fchrung 2019 Christian Deix und Olivier Lendl: &#8222;Traumschiff&#8220; &#8211; Urauff\u00fchrung 2018 Christian Deix und Olivier Lendl &#8222;Stille Nacht&#8220; &#8211; Urauff\u00fchrung 2017 [&hellip;]<\/p>\n","protected":false},"author":1,"featured_media":0,"parent":22,"menu_order":0,"comment_status":"closed","ping_status":"closed","template":"","meta":{"ngg_post_thumbnail":0,"footnotes":""},"class_list":["post-2330","page","type-page","status-publish","hentry"],"_links":{"self":[{"href":"https:\/\/kultursommerlaxenburg.at\/index.php?rest_route=\/wp\/v2\/pages\/2330","targetHints":{"allow":["GET"]}}],"collection":[{"href":"https:\/\/kultursommerlaxenburg.at\/index.php?rest_route=\/wp\/v2\/pages"}],"about":[{"href":"https:\/\/kultursommerlaxenburg.at\/index.php?rest_route=\/wp\/v2\/types\/page"}],"author":[{"embeddable":true,"href":"https:\/\/kultursommerlaxenburg.at\/index.php?rest_route=\/wp\/v2\/users\/1"}],"replies":[{"embeddable":true,"href":"https:\/\/kultursommerlaxenburg.at\/index.php?rest_route=%2Fwp%2Fv2%2Fcomments&post=2330"}],"version-history":[{"count":9,"href":"https:\/\/kultursommerlaxenburg.at\/index.php?rest_route=\/wp\/v2\/pages\/2330\/revisions"}],"predecessor-version":[{"id":5690,"href":"https:\/\/kultursommerlaxenburg.at\/index.php?rest_route=\/wp\/v2\/pages\/2330\/revisions\/5690"}],"up":[{"embeddable":true,"href":"https:\/\/kultursommerlaxenburg.at\/index.php?rest_route=\/wp\/v2\/pages\/22"}],"wp:attachment":[{"href":"https:\/\/kultursommerlaxenburg.at\/index.php?rest_route=%2Fwp%2Fv2%2Fmedia&parent=2330"}],"curies":[{"name":"wp","href":"https:\/\/api.w.org\/{rel}","templated":true}]}}