{"id":522,"date":"2015-02-09T12:32:27","date_gmt":"2015-02-09T10:32:27","guid":{"rendered":"http:\/\/kultursommerlaxenburg.at\/?page_id=522"},"modified":"2024-05-06T09:31:45","modified_gmt":"2024-05-06T07:31:45","slug":"programm-2","status":"publish","type":"page","link":"https:\/\/kultursommerlaxenburg.at\/","title":{"rendered":"PROGRAMM"},"content":{"rendered":"<h2 style=\"text-align: left;\"><span style=\"color: #000000;\"><strong><span dir=\"ltr\" role=\"presentation\">Ein Shakespearical mit Hindernissen<\/span><\/strong><\/span><\/h2>\n<h2 style=\"text-align: left;\"><span style=\"color: #000000;\"><strong>mit Adi Hirschal, Doris Hindinger, Alexander Jagsch und Michael Reitinger<\/strong><\/span><\/h2>\n<h2 style=\"text-align: left;\"><span style=\"color: #000000;\"><strong><span dir=\"ltr\" role=\"presentation\">Buch und Regie Erhard Pauer<\/span><\/strong><\/span><\/h2>\n<p>&nbsp;<\/p>\n<h3 style=\"font-weight: 400; text-align: left;\"><strong>Kultursommer Laxenburg<br \/>\n<\/strong><strong style=\"color: #000000; font-size: 16px; font-family: inherit;\">9. Juni &#8211; 11. August 2024<\/strong><\/h3>\n<p><img loading=\"lazy\" decoding=\"async\" class=\"alignnone size-medium wp-image-5685 aligncenter\" src=\"http:\/\/kultursommerlaxenburg.at\/wp-content\/uploads\/2024\/03\/LAX_plakat24_2-590x872.jpg\" alt=\"\" width=\"590\" height=\"872\" srcset=\"https:\/\/kultursommerlaxenburg.at\/wp-content\/uploads\/2024\/03\/LAX_plakat24_2-590x872.jpg 590w, https:\/\/kultursommerlaxenburg.at\/wp-content\/uploads\/2024\/03\/LAX_plakat24_2-768x1135.jpg 768w, https:\/\/kultursommerlaxenburg.at\/wp-content\/uploads\/2024\/03\/LAX_plakat24_2-1040x1536.jpg 1040w, https:\/\/kultursommerlaxenburg.at\/wp-content\/uploads\/2024\/03\/LAX_plakat24_2.jpg 1240w\" sizes=\"auto, (max-width: 590px) 100vw, 590px\" \/><\/p>\n<p>&nbsp; &nbsp; &nbsp; &nbsp; &nbsp; &nbsp; &nbsp; &nbsp; &nbsp; &nbsp; &nbsp; &nbsp; &nbsp; &nbsp; &nbsp; &nbsp; &nbsp; &nbsp; &nbsp; &nbsp; &nbsp; &nbsp; &nbsp; &nbsp; &nbsp; &nbsp; &nbsp; &nbsp; &nbsp; &nbsp; &nbsp; &nbsp; &nbsp; &nbsp; &nbsp; &nbsp; &nbsp; &nbsp; &nbsp; &nbsp; &nbsp; &nbsp; &nbsp; &nbsp; &nbsp; &nbsp; &nbsp; &nbsp; &nbsp; &nbsp; &nbsp; &nbsp; &nbsp; &nbsp; &nbsp; &nbsp; &nbsp; &nbsp; &nbsp; &nbsp; &nbsp; &nbsp; &nbsp; &nbsp; &nbsp; &nbsp; &nbsp; &nbsp; &nbsp; &nbsp; &nbsp; &nbsp; &nbsp; &nbsp; &nbsp; &nbsp; &nbsp; &nbsp; &nbsp; &nbsp; &nbsp; &nbsp; &nbsp; &nbsp; &nbsp; &nbsp; &nbsp; &nbsp; &nbsp; &nbsp; &nbsp; &nbsp; &nbsp; &nbsp; &nbsp; &nbsp; &nbsp; &nbsp; &nbsp;<\/p>\n<p style=\"text-align: left;\">&nbsp; &nbsp; &nbsp; <a href=\"https:\/\/www.noe.gv.at\/noe\/Kunst-Kultur\/Kunst___Kultur.html\"><img loading=\"lazy\" decoding=\"async\" class=\"wp-image-3942 alignnone aligncenter\" src=\"http:\/\/kultursommerlaxenburg.at\/wp-content\/uploads\/2022\/02\/Kultur_NOE.jpg\" alt=\"\" width=\"367\" height=\"74\" srcset=\"https:\/\/kultursommerlaxenburg.at\/wp-content\/uploads\/2022\/02\/Kultur_NOE.jpg 1063w, https:\/\/kultursommerlaxenburg.at\/wp-content\/uploads\/2022\/02\/Kultur_NOE-590x119.jpg 590w, https:\/\/kultursommerlaxenburg.at\/wp-content\/uploads\/2022\/02\/Kultur_NOE-768x155.jpg 768w\" sizes=\"auto, (max-width: 367px) 100vw, 367px\" \/><\/a><\/p>\n<p style=\"text-align: center;\">&nbsp;<img loading=\"lazy\" decoding=\"async\" class=\"wp-image-5163 aligncenter\" src=\"http:\/\/kultursommerlaxenburg.at\/wp-content\/uploads\/2023\/11\/Logo-30-Jahre-Theaterfest-Hintergrund-weiss-003-590x161.jpeg\" alt=\"\" width=\"286\" height=\"78\" srcset=\"https:\/\/kultursommerlaxenburg.at\/wp-content\/uploads\/2023\/11\/Logo-30-Jahre-Theaterfest-Hintergrund-weiss-003-590x161.jpeg 590w, https:\/\/kultursommerlaxenburg.at\/wp-content\/uploads\/2023\/11\/Logo-30-Jahre-Theaterfest-Hintergrund-weiss-003-768x209.jpeg 768w, https:\/\/kultursommerlaxenburg.at\/wp-content\/uploads\/2023\/11\/Logo-30-Jahre-Theaterfest-Hintergrund-weiss-003.jpeg 1280w\" sizes=\"auto, (max-width: 286px) 100vw, 286px\" \/><\/p>\n<h4 style=\"font-weight: 400; text-align: left;\">Nach der letzten erfolgreichen Produktion greifen die Vollblutschauspieler <strong>Doris Hindinger, Alexander Jagsch und Intendant Adi Hirschal &#8211;&nbsp;<\/strong><strong>noch tiefer &#8211; <\/strong>in die Wunderkiste der Kom\u00f6die. Begleitet von den s\u00fc\u00dfen Kl\u00e4ngen <strong>Michael Reitingers<\/strong> \u00fcberpr\u00fcfen wir die Belastbarkeit Ihrer Bauch- und Lachmuskeln.<br \/>\nAus dem F\u00fcllhorn Shakespeares`schen Repertoires erschaffen wir ein fulminantes &#8222;Shakespearical&#8220; in einer ultimativen Interpretation! Unter-, neben-, durch- und gegeneinander wetteifern wir durch ein Panoptikum von Verwechslungen, Irrt\u00fcmern, Eifersucht, Mord und Liebe, kleinen Gemeinheiten und gro\u00dfen Gef\u00fchlen &#8230;<br \/>\n<strong><br \/>\nDer Rest ist &#8230; ACTION!!<\/strong><\/h4>\n<p style=\"text-align: left;\">Der Vorverkauf hat am 20.11.2023 begonnen!<br \/>\n10 % Osteraktion vom 19.3. bis incl. 2.4.2024<\/p>\n<p style=\"text-align: left;\">Tickets erh\u00e4ltlich bei<\/p>\n<p>&nbsp;<a href=\"https:\/\/www.wien-ticket.at\/de\/ticket\/101902\/der-rest-ist-schweigen-kultursommer-laxenburg-2024-franzensburg-in-laxenburg-laxenburg\"><img loading=\"lazy\" decoding=\"async\" class=\"alignnone wp-image-3916\" src=\"http:\/\/kultursommerlaxenburg.at\/wp-content\/uploads\/2021\/12\/741_Wien-Ticket_Logo_colour_filled_RGB4.jpg\" alt=\"\" width=\"318\" height=\"104\" srcset=\"https:\/\/kultursommerlaxenburg.at\/wp-content\/uploads\/2021\/12\/741_Wien-Ticket_Logo_colour_filled_RGB4.jpg 865w, https:\/\/kultursommerlaxenburg.at\/wp-content\/uploads\/2021\/12\/741_Wien-Ticket_Logo_colour_filled_RGB4-590x193.jpg 590w, https:\/\/kultursommerlaxenburg.at\/wp-content\/uploads\/2021\/12\/741_Wien-Ticket_Logo_colour_filled_RGB4-768x251.jpg 768w\" sizes=\"auto, (max-width: 318px) 100vw, 318px\" \/><\/a><\/p>\n<h3>Related Images:<\/h3>","protected":false},"excerpt":{"rendered":"<p>Ein Shakespearical mit Hindernissen mit Adi Hirschal, Doris Hindinger, Alexander Jagsch und Michael Reitinger Buch und Regie Erhard Pauer &nbsp; Kultursommer Laxenburg 9. Juni &#8211; 11. August 2024 &nbsp; &nbsp; &nbsp; &nbsp; &nbsp; &nbsp; &nbsp; &nbsp; &nbsp; &nbsp; &nbsp; &nbsp; &nbsp; &nbsp; &nbsp; &nbsp; &nbsp; &nbsp; &nbsp; &nbsp; &nbsp; &nbsp; &nbsp; &nbsp; &nbsp; &nbsp; &nbsp; [&hellip;]<\/p>\n","protected":false},"author":1,"featured_media":5597,"parent":0,"menu_order":0,"comment_status":"open","ping_status":"open","template":"page-full.php","meta":{"ngg_post_thumbnail":0,"footnotes":""},"class_list":["post-522","page","type-page","status-publish","has-post-thumbnail","hentry"],"_links":{"self":[{"href":"https:\/\/kultursommerlaxenburg.at\/index.php?rest_route=\/wp\/v2\/pages\/522","targetHints":{"allow":["GET"]}}],"collection":[{"href":"https:\/\/kultursommerlaxenburg.at\/index.php?rest_route=\/wp\/v2\/pages"}],"about":[{"href":"https:\/\/kultursommerlaxenburg.at\/index.php?rest_route=\/wp\/v2\/types\/page"}],"author":[{"embeddable":true,"href":"https:\/\/kultursommerlaxenburg.at\/index.php?rest_route=\/wp\/v2\/users\/1"}],"replies":[{"embeddable":true,"href":"https:\/\/kultursommerlaxenburg.at\/index.php?rest_route=%2Fwp%2Fv2%2Fcomments&post=522"}],"version-history":[{"count":220,"href":"https:\/\/kultursommerlaxenburg.at\/index.php?rest_route=\/wp\/v2\/pages\/522\/revisions"}],"predecessor-version":[{"id":5705,"href":"https:\/\/kultursommerlaxenburg.at\/index.php?rest_route=\/wp\/v2\/pages\/522\/revisions\/5705"}],"wp:featuredmedia":[{"embeddable":true,"href":"https:\/\/kultursommerlaxenburg.at\/index.php?rest_route=\/wp\/v2\/media\/5597"}],"wp:attachment":[{"href":"https:\/\/kultursommerlaxenburg.at\/index.php?rest_route=%2Fwp%2Fv2%2Fmedia&parent=522"}],"curies":[{"name":"wp","href":"https:\/\/api.w.org\/{rel}","templated":true}]}}